e prime factors of a?
53
Let g = -3 + 9. What are the prime factors of g?
2, 3
Let n = -23 - 50. Let a = -50 - n. List the prime factors of a.
23
Let c(s) = -s + 12. Let j be c(9). Suppose -5*t + 3*r + 39 = 0, -2*r - r + 9 = j*t. Let i = -2 + t. What are the prime factors of i?
2
Suppose -4*n + 68 + 36 = 0. Let t = 38 - n. Suppose 4*z + t = 40. What are the prime factors of z?
7
Let l be (-2)/9 - (-208)/(-36). Let k(j) = 6*j + j**2 + 7 - j**2 + j**2. List the prime factors of k(l).
7
Suppose 4*u = 20, 2*n + 8 = -n + 4*u. What are the prime factors of 155/n + 1/4?
3, 13
Let j be 3 + (3 + -5 - -2). Suppose -j*u + 38 = -u + 2*f, -5*u + 55 = -3*f. What are the prime factors of u?
2, 7
Suppose -2*a - c + 23 = 0, -4*a - 2*c = -7*c - 25. Let i = a - 8. List the prime factors of i.
2
Let p(g) = g**3 - 20*g**2 + 38*g + 25. What are the prime factors of p(18)?
61
List the prime factors of 7/(-21) - 146/(-6).
2, 3
Let t = 52 + -35. Suppose -2*d + t + 30 = 5*y, 85 = 4*d + y. List the prime factors of d.
3, 7
Suppose j = 5*q - 2014, -4*q + 3*j + 2039 = 419. What are the prime factors of q?
2, 3, 67
Let x(w) = -w**3 + 6*w**2 + 10*w - 4. Let t be x(7). Let z = -6 + t. List the prime factors of z.
11
Suppose -40 = z + 3*z. Let l = 29 + z. List the prime factors of l.
19
Let d(u) = -25*u**2 + 2*u. Let j(k) = 13*k**2 - k. Let i(a) = -6*d(a) - 11*j(a). List the prime factors of i(-1).
2
What are the prime factors of (-3)/(-5 - (-546)/111)?
37
Suppose 7*v - 2*v + 10 = 0. What are the prime factors of (5/(-10))/(v/120)?
2, 3, 5
Let n be (-3)/2*(-8)/(-3). Let f(z) = -3*z + 2. What are the prime factors of f(n)?
2, 7
Suppose -121 = 2*n - 47. Let m = 15 - 33. Let l = m - n. List the prime factors of l.
19
Let p(o) = o**2 + 3*o - 3. Let a be p(-4). List the prime factors of (24/(-9) + a)*-3.
5
Suppose 2*f - 44 = -2*f. Suppose -3*a = 5*o - 93 + f, 4*o + 3*a - 68 = 0. List the prime factors of (-4)/o + 222/42.
5
Suppose 2*f + 0*o = -2*o + 4, -5*f + o + 22 = 0. Let q = 6 + f. What are the prime factors of (16/q)/(4/20)?
2
What are the prime factors of -1 + 15/12 + 742/8?
3, 31
Let c = 633 + -361. List the prime factors of c.
2, 17
Let c(n) be the second derivative of -n**5/60 + n**4/4 + n**3 + n**2/2 + 3*n. Let t(w) be the first derivative of c(w). What are the prime factors of t(5)?
11
Suppose -2*h + 19 = 9. Let j be (-3)/2*(-24)/9. What are the prime factors of h + j/(-2) + 0?
3
Let c be 969/4 + (-6)/24. List the prime factors of 1/(-3) + c/6.
2, 5
Suppose -2*n + 0*n = 4*h + 78, -2*n - 6 = 0. Let b = -13 - h. Suppose -6*d + 22 = -2*d - 5*y, d - b*y = -2. List the prime factors of d.
2
Let z(m) be the first derivative of -4 - 1/2*m**2 + m. List the prime factors of z(-2).
3
Let o = -2 - -7. Let b(n) = 4*n + 5. Let i(r) = 5*r + 5. Let q(u) = o*i(u) - 6*b(u). List the prime factors of q(8).
3
Let d = 3 + 22. List the prime factors of d.
5
Suppose 4*i + i - 364 = 2*g, -3*i + 4*g = -224. Let c be 1/((-141)/i + 2). Suppose 0 = 2*m + 4*o - 12, 4*m - 2*m - 2*o - c = 0. What are the prime factors of m?
2, 5
Let x(b) = 43*b**2 - 2*b + 1. Let i be x(1). Suppose 4*n + 18 + i = 0. List the prime factors of ((-3)/(-5))/((-1)/n).
3
Suppose -4 = -2*t + 2, -3*t = 2*x - 41. Suppose x + 4 = 4*c. List the prime factors of c.
5
Let a = -66 - -34. What are the prime factors of a/6*(-18)/8?
2, 3
List the prime factors of (3 - -643)/((4 - -2)/3).
17, 19
Let v be -2 - 3/((-3)/37). Let q = 47 - 34. Suppose -2*h - q = -v. What are the prime factors of h?
11
List the prime factors of 2/(-5) + (-469)/(-35).
13
Let z = -12 - -4. Let c(u) = u**2 + 6*u - 1. What are the prime factors of c(z)?
3, 5
Let v = -38 - -63. Let l = v + -17. List the prime factors of l.
2
Let m(z) = z**2 + z + 3. What are the prime factors of m(-2)?
5
Let c be -1*2 + -10 + 20. Suppose 5*d = 2*x - c, 16 = 4*x - 6*d + d. What are the prime factors of ((-12)/(-15))/(x/110)?
2, 11
List the prime factors of (2 - 0)*(-172)/(-8).
43
Suppose 2*a + 5*u + 2 = 0, -5*a = -0*u - 2*u - 24. Suppose -35 = -a*m + 93. Suppose -w - w = 5*b - m, 80 = 5*w - 2*b. List the prime factors of w.
2
Suppose -5*f + 48 = -g, 3*g + 44 + 1 = 4*f. List the prime factors of 1 + (f/(-1))/(-1).
2, 5
Suppose -4*b - 2*m + 7*m = 44, -5*b + 5*m - 50 = 0. Let l be b*(1 + (-51)/6). Let i = l + -26. What are the prime factors of i?
19
Let c(w) = 3*w - 8. Let u be c(6). Let x = u + 3. What are the prime factors of x?
13
Let g(m) = -12*m**2 - m + 7. Let u be g(3). Let n = u + 147. What are the prime factors of n?
43
Let s(y) = 10 - 4*y - y + 6*y. Let o be s(-8). Suppose -o*u + 21 = -9. What are the prime factors of u?
3, 5
Suppose 3*j + 5*w - 23 = 2*j, 0 = j - w + 1. List the prime factors of j.
3
Let g(q) = -q**3 + 4*q**2 + 1. Let t be g(3). Let j = -1 + t. List the prime factors of j.
3
Let s be 1 + 8 + 1 + -3. Let i(d) = 6 - 18 - d**2 + 17*d - s*d. List the prime factors of i(8).
2
Let y(k) = 51*k**2 - 1. Let d be y(-2). Suppose d = 5*n + 23. What are the prime factors of n?
2, 3
Let n be (1 - (2 - 2)) + 3. Let p = 6 - n. Suppose p*w + 5*g + 7 - 16 = 0, 5*g = -4*w + 33. What are the prime factors of w?
2, 3
Let w = 0 + 0. Suppose 5*v - 6 - 14 = w. Suppose -2*t + 17 = v*o + 3*t, 11 = 4*o - t. List the prime factors of o.
3
Suppose 0 + 144 = 4*z - 4*n, 4*n - 26 = -z. List the prime factors of z.
2, 17
Let g = 34 + -11. List the prime factors of g.
23
List the prime factors of ((-53)/2)/((-4)/8).
53
Let f = 70 - 21. Let l = -29 + f. What are the prime factors of l?
2, 5
Let x(b) be the second derivative of -b**3/6 + b**2 + 2*b. Let i be x(0). Suppose -3*y = 3*u - 13 - i, 4*y = 2*u + 8. What are the prime factors of u?
2
List the prime factors of ((-9)/6)/((-6)/56).
2, 7
What are the prime factors of 177/3*(3/(-1) + 4)?
59
Suppose 27 = 5*f - 2*f. List the prime factors of f.
3
Let u = -13 + 23. What are the prime factors of 6/(-6)*u/(-1)?
2, 5
Suppose -2*p + 4*p + 3*y - 22 = 0, p - 2*y = 4. What are the prime factors of p?
2
Suppose 7*b = 3*b + 4. What are the prime factors of (2/(-3))/(b/(-51))?
2, 17
Let n(i) = i + 2. Let u(p) = p + 3. Let o(w) = 3*n(w) - 2*u(w). Let d(x) = -2*x - 6. Let k be d(-5). What are the prime factors of o(k)?
2
Let r = -3 + 2. Let d be (-1)/(1*r/4). Suppose d*m = -m - 3*a + 41, -2 = -a. What are the prime factors of m?
7
Let m = 33 + 54. Suppose -3*r = 5*g - m, 5*g - 1 - 84 = -5*r. List the prime factors of g.
2, 3
List the prime factors of 1430/11 - (2/1 + 2).
2, 3, 7
What are the prime factors of (-30)/8*8/(-2)?
3, 5
Let s(d) = 21*d**2 + d - 6. Let p be s(3). Suppose p + 10 = 4*m. What are the prime factors of m?
7
Suppose -5*z = -60 + 5. Let l = 13 - z. List the prime factors of l.
2
Let r = 4 + 27. Suppose -4*z = 3*j - 72, -34 = -4*j + 5*z + r. List the prime factors of j.
2, 5
Let j(a) = -2*a**2 + 5*a - 5. Let y be j(4). Let u = y - -30. What are the prime factors of u?
13
Let f(i) = i. List the prime factors of f(5).
5
Suppose -9*l + 366 = -3*l. What are the prime factors of l?
61
Let t(g) = g**2 - g - 4. What are the prime factors of t(-5)?
2, 13
Let l(y) = 3*y**2 + 1. Let o be l(1). Suppose 0 = -o*n + 2*n + 10. List the prime factors of n.
5
Let j(b) = b**3 - 13*b + 13. List the prime factors of j(4).
5
List the prime factors of (1 - 50)*(-6)/6.
7
Let l(i) be the second derivative of -1/2*i**3 + 0*i**2 + 0 + 2*i. What are the prime factors of l(-1)?
3
Suppose 0 = -5*p + 3*p + 474. Suppose 0 = 2*l + g - 95, 0 = 3*l + 2*l + 3*g - p. Suppose 4*r - 3*c - l = -5*c, -4*c = r - 26. List the prime factors of r.
2, 5
Let w be ((-7)/3)/(8/(-72)). Let t = w - 15. List the prime factors of t.
2, 3
Let g = 987 + -632. List the prime factors of g.
5, 71
Let w = -122 + 311. List the prime factors of w.
3, 7
What are the prime factors of (1 - (-6)/(-2)) + 24?
2, 11
What are the prime factors of 60/1 + (-2)/(-1)?
2, 31
Suppose -7*b - y = -4*b - 310, 420 = 4*b - 2*y. List the prime factors of b.
2, 13
Let q(v) = 15*v - 3 + 2 + 1 - 5. Let c be q(4). Suppose 2*y + c = 3*j - 0, -55 = -4*j - y. What are the prime factors of j?
3, 5
Suppose 5*s = 4 + 21. Suppose -3*y + 3*j + 12 = 0, 4*j = -s*y - 10 - 6. Let c(h) = h**3 + h**2 - h + 5. What are the prime factors of c(y)?
5
Let p be (-2)/(-1 - (-1 - -2)). Let g(t) = 2*t**2 - t + 1. Let o be g(p). Suppose 